f, 2*z - 5 + 22 = 5*f. Let w(j) = f*j**2 + 5*j - 2*j**2 + j. Calculate w(-5).
-5
Let h(d) = 3*d + 7. Let w(l) = -9*l - 20. Let q(t) = 17*h(t) + 6*w(t). What is q(5)?
-16
Let r(k) = k**3 - 2*k**2 - 2*k + 1. Suppose -4*g + 2 + 10 = 0. Determine r(g).
4
Let b(o) = -3*o + 3. Let u(s) = -s**3 + 5*s**2 - 3*s - 1. Let x be u(4). Calculate b(x).
-6
Let g(k) = -k**3 + 4*k**2 - 2. Let f(n) be the second derivative of n**3/3 - 7*n**2/2 + n. Let b be f(5). Determine g(b).
7
Let y(b) = -7*b**3 - 3*b**2 + 5*b + 2. Let o(d) be the first derivative of 11*d**4/4 + 5*d**3/3 - 4*d**2 - 3*d + 1. Let h(q) = -5*o(q) - 8*y(q). Determine h(0).
-1
Let y(r) = -r**2 - r + 1. Let x(c) = c - 2*c - 2 - 2. Let z be x(-4). Suppose z = -2*u - 2*u - 8. Give y(u).
-1
Let j(s) = 3*s - 2. Let b be j(2). Suppose b*x = 2*i + 2, 0 = 4*i - 2*x + 1 + 3. Let t(a) be the first derivative of -2*a**3 + a**2/2 + a - 2. Give t(i).
-6
Let q(b) be the first derivative of -5*b**2/2 - 2*b - 5. Suppose -c - 8 = 2*d + 3*d, -4*c = -2*d - 34. Let v = c + -9. Determine q(v).
8
Let f(k) be the third derivative of k**5/60 + k**4/8 - k**3/2 + 10*k**2. Give f(2).
7
Let x = -6 + 10. Let f(t) = t - 4. Let c be f(x). Let m(z) = -z + 6. What is m(c)?
6
Let o = 3 + -7. Let s(q) = 8*q**2 - 4*q - 15. Let t(u) = -3*u**2 + u + 5. Let z(i) = -4*s(i) - 11*t(i). What is z(o)?
1
Suppose -2*s + 2*i - 4*i = 12, 5*i + 10 = 0. Let a(y) = -y - 2. Let n(t) = -6*t - 14. Let b(x) = -5*a(x) + n(x). Calculate b(s).
0
Suppose -2*i + 6 = 0, c = 6*c + 5*i + 15. Let r(d) = -d - 3. Let s be r(c). Let o(x) = s*x - 1 - 4*x + 7*x**2 + 2. What is o(1)?
7
Let r(i) be the third derivative of -3*i**2 + 1/24*i**4 + 0*i - 11/6*i**3 + 0. What is r(6)?
-5
Let m(x) = -6*x + 3. Let a(t) = -t**3 + 8*t**2 - 9*t + 11. Let n be a(7). Determine m(n).
21
Let x(v) be the first derivative of v**3/3 - v + 1. What is x(-2)?
3
Let d(x) be the first derivative of -x**4/4 - x**3 + 5*x**2/2 - 2*x - 2. Let r = -11 + 7. Determine d(r).
-6
Let c(l) = l + 8. Suppose -6*g + 38 = -4*a - 4*g, 0 = 3*a - 4*g + 31. Let h be c(a). Let j(q) = -2*q**2 + q. Calculate j(h).
-3
Suppose -2*m - f = -0*f, m = -2*f + 3. Let t(p) = -3*p + 0 + 0 - 1. Calculate t(m).
2
Suppose -3*b + 0*b = -3*h - 6, -2*b + 4*h = -4. Let x(s) be the second derivative of -1/2*s**b + 0 - 5/6*s**3 - 2*s. Give x(1).
-6
Let b(g) = -3 + 1 + 21*g**2 - 23*g**2 - 4*g. Determine b(-2).
-2
Let c(y) = -y**3 - y**2 + 1. Let r(v) be the first derivative of -v**3/3 - 7*v**2/2 - 7*v - 18. Let f be -1*1*5 + -1. Let p be r(f). Give c(p).
1
Let a(j) = -j**3 - 13*j**2 - j - 11. Let k be a(-13). Let d(c) = c**3 - c + 1. Let n(u) = 7*u**3 - 8*u + 7. Let s(r) = 5*d(r) - n(r). Give s(k).
-12
Let o(p) = -6*p**2 - 1. Let a(w) = 7*w**2 + 1. Let f(z) = -5*a(z) - 6*o(z). Give f(-1).
2
Let a(j) = j**3 + 4*j**2 - 3*j + 3. Let t = 4 - 0. Suppose 23 = -3*i - 4*q, -i + t*q + 28 = -5*i. Calculate a(i).
-7
Let w(r) = 2*r + 2*r**2 - 1 + 0 - r**2 + 5. Let n(c) = 2*c**2 + 2*c + 5. Let a(s) = -5*n(s) + 6*w(s). What is a(1)?
-3
Suppose 0*l - l - b - 5 = 0, 0 = l + 5*b - 11. Let h = l + 11. Let i(m) = 2*m**2 - 3*m. Calculate i(h).
2
Let p(l) = -180*l - l**2 + 174*l + 2*l**2 + 2. Give p(5).
-3
Let i(r) be the first derivative of r**2 - 8*r - 1. Let m be i(6). Let c(w) = 2*w - w + 4*w + w**3 - 5*w**2 - 5. Give c(m).
-1
Let d(n) = 12*n. Let g be d(1). Let p be ((-16)/g)/(1/3). Let w(t) = 0 + t**2 + 2 + 6*t + 2. Determine w(p).
-4
Suppose 5*k - 6 - 14 = 0. Let t(v) = k*v**2 - 2*v - 3*v**2 + 6*v. Calculate t(-5).
5
Let y(p) = -p**2 + 3*p + 2. Suppose -11*g - 15 = -14*g. What is y(g)?
-8
Let s(b) = 7*b**2 - 15*b + 4. Let p(l) = 3*l**2 - 8*l + 2. Let c(k) = 5*p(k) - 2*s(k). What is c(10)?
2
Let j be ((-4)/6)/(22/363). Let q(f) = 7*f. Let k(d) = -35*d. Let g(z) = j*q(z) - 2*k(z). Calculate g(-2).
14
Let h(i) = 4*i**3 + i. Suppose -z + 2 = -0. Let t be (-1 - -2)*(z + 3). Suppose 0 = t*a - 0*v - 5*v + 5, -4*v + 1 = -a. Determine h(a).
-5
Suppose 9 = 3*p - 3. Let v(i) = -p*i - 2*i + 0*i + 3*i. Determine v(2).
-6
Suppose -9 = -5*j - 3*y + 11, 2*j - 8 = -2*y. Let w(o) = -3*o + o + 3 + o - j. Give w(-1).
0
Let i(s) = s**2 - 4*s + 1. Suppose -n - n = -3*v + 12, -15 = 5*n. Suppose 4*h - 42 = 5*q + v*h, 3*q - h = -25. Let d = -4 - q. What is i(d)?
1
Let j(r) = r**3 + 2*r**2 - r - 2. Let q(c) be the first derivative of -c**3/3 + 3*c**2/2 + 2*c + 3. Let g be q(4). Determine j(g).
0
Let a(j) be the first derivative of j**2/2 + 9*j - 3. Let v = -2 - 3. Give a(v).
4
Let f(d) = 4*d - 25. Let c be f(7). Let b(q) = -2*q**2 + 4*q. Determine b(c).
-6
Let m(o) be the third derivative of o**5/30 + o**4/24 - 2*o**3/3 - 4*o**2. Let g(s) = s**2 + s - 2. Let d(n) = 9*g(n) - 4*m(n). What is d(-5)?
-2
Let j(w) be the first derivative of -w**2/2 - 3*w - 12. What is j(-3)?
0
Suppose 0 = 4*c - 11 - 1. Let k(f) = 3 + 0 - 7*f + c*f. Suppose -1 = -5*w + 9. Give k(w).
-5
Let j(y) be the second derivative of y**5/60 - y**4/6 - 5*y**3/6 + y**2/2 + y. Let v(r) be the first derivative of j(r). What is v(4)?
-5
Let c(s) = -s. Let d(i) = i**3 + i**2 - i - 1. Let w(p) = 3*p**3 + 5*p**2 - 5*p - 2. Let a(r) = 4*d(r) - w(r). Let f be a(2). Calculate c(f).
-4
Let g(o) be the third derivative of o**4/12 - o**3/6 + o**2. What is g(2)?
3
Let v(g) = g**3 + 6*g**2 + 3*g - 7. Let a(s) be the first derivative of s**4/4 + 7*s**3/3 + s**2/2 + 2*s - 2. Let t be a(-7). Give v(t).
3
Suppose 3*b - 2*q - 6 = 2, 1 = b + q. Let o(l) = l**3 + l**2 - 2*l + 3. Calculate o(b).
11
Let f be (8/10)/(3/45). Suppose 3*z - f = -0*z. Suppose 0 = z*q - 9 + 29. Let d(h) = h**3 + 6*h**2 + 5*h + 6. Calculate d(q).
6
Suppose -2*w = -w - 7. Let b(u) = u**2 - 8*u + 2. Let p be b(w). Let t(h) = h - 5. Let q(l) = l - 2. Let y(r) = -2*q(r) + t(r). Give y(p).
4
Let c(k) = k**2 + 2*k + 3. Let f = -3 + 10. Suppose -f*b - 8 = -3*b. Calculate c(b).
3
Let c = 3 + 2. Let g(o) be the first derivative of -o**2/2 - 14. What is g(c)?
-5
Let p(z) = -4*z - 4. Let a = 9 + -12. Calculate p(a).
8
Let p(j) be the first derivative of j**3/3 - j**2/2 - 3*j - 16. Give p(-3).
9
Let v(c) = -c**2 + c + 6. Let n(x) be the first derivative of x**4/4 - 4*x**3/3 + 4. Let u be n(4). Calculate v(u).
6
Let u(v) = -v**2 - 11*v - 26. Let f be u(-6). Let k(i) = i**2 - 2. Calculate k(f).
14
Let n(u) = -u + 3. Suppose 2*k = -4*k - 36. What is n(k)?
9
Let v = -4 - -8. Let d(y) = -3*y - 7*y**2 + v*y**2 + 4 - 1 + y**3. Give d(3).
-6
Suppose -5*j = -q - 5, 2*j - 2 = q - 5*q. Let u(k) = k**2 - k - 5. Determine u(q).
-5
Let q(k) = 5*k**3 + 6*k**2 - 12*k + 7. Let p(j) = -j**3 + j - 1. Let g(l) = -6*p(l) - q(l). Let v = 0 + 5. Calculate g(v).
4
Suppose -p + 3*p - 3 = w, -4*p + 5*w + 21 = 0. Let l be ((-12)/2 + -1)/p. Let o(v) = 4*v**2 + v**3 - v**3 + v**3 - 5 - l*v. Calculate o(-5).
5
Let q(r) = r**2 + 12*r + 8. Let n(o) = 3*o**2 + 37*o + 24. Let a(s) = -2*n(s) + 7*q(s). Give a(-10).
8
Let f(z) = z**3 + 7*z**2 + 7*z + 6. Let k be (6 - 5)/(2/(-12)). Determine f(k).
0
Let n(t) = -t**2 + 5*t - 5. Suppose r = -2*d + 7*d + 46, d - 10 = 5*r. Suppose 0*j + 2*j - w = -11, 3*j - w + 17 = 0. Let p = j - d. What is n(p)?
-1
Let j(v) be the first derivative of 4*v**3/3 - v**2/2 + 1. Suppose -q - 14 = -3*q. Let u = q + -8. Determine j(u).
5
Let b(a) = -a**3. Let s be b(1). Let m(l) = -3*l**2 + 2*l**2 - 4*l**2. What is m(s)?
-5
Suppose 5*o = -4*n + 29, -6*n + 2*n + 9 = o. Let f(l) = l + 1. Let j be f(0). Let v(z) = -j - z**3 + 0*z**2 + 2 - z**2 - z. Give v(n).
-2
Let a = 8 + -18. Let n(i) = -i - 13. Let b be n(a). Let z(p) = p**3 + p**2 - 5*p - 4. What is z(b)?
-7
Suppose -1 = -3*d - k - 5, 0 = -d - 4*k - 5. Let q(y) = -y**2. Let r(x) = -10*x**2 + 1. Let j(t) = 2*q(t) + r(t). What is j(d)?
-11
Suppose -8 = -0*m - 2*m. Let i(q) = 4*q - 4. Give i(m).
12
Let w(j) be the second derivative of -7*j**3/6 - j**2/2 - 23*j. Give w(-3).
20
Suppose -5*a + a = 8. Let z = 3 - 0. Let l(c) = c + c**z + 2 + 2*c**2 + 0*c**3 - c**2. Calculate l(a).
-4
Let p = -29 - -24. Let d(n) = n**2 + 6*n + 4. Give d(p).
-1
Suppose -r = 3*x - 4 - 3, -r - 5 = -x. Let i(j) = j**3 + j**2 + j + 2. Determine i(r).
-4
Let h(f) = f**2 + 13*f - 3. Let g(a) = -a**2 - 12*a + 2. Suppose -11 = 2*q - 1. Let v(u) = q*h(u) - 6*g(u). Calculate v(-6).
-3
Let v(a) be the first derivative of -a**2/2 - 3*a - 3. Determine v(-5).
2